y) = y - 3. Suppose -o + 5*p = -2, 5*o + 3*p - 14 = 24. Suppose 0 = -2*l + 1 + o. Suppose -5*f - 9 = z - 1, -z + l*f = -10. Give v(z).
-1
Let x(p) be the third derivative of p**6/360 - p**5/120 - p**4/6 + p**3/2 + p**2. Let z(y) be the first derivative of x(y). What is z(3)?
2
Let h(a) = -a**3 - 4*a**2 - a + 3. Let j = -19 - -15. Calculate h(j).
7
Let q(k) = k + 5. Let b be q(-5). Let f be 1/1 - (-4 + b). Suppose -f*h - 3*j + 7 = 0, -2*h - h = 5*j - 1. Let v(d) = -d**3 - d**2 + 2*d - 1. What is v(h)?
-9
Let c(z) = z**2 - 7*z. Suppose -2*q + 6*q = 20. Calculate c(q).
-10
Let f(k) be the third derivative of -k**5/60 + k**4/6 - 5*k**3/6 - 5*k**2. Give f(4).
-5
Let i(d) = 6*d**3 + 3*d + 4. Let s(u) = u**3 - u**2 + 1. Let t(f) = i(f) - 5*s(f). What is t(-3)?
8
Suppose -3*y - y = 0. Let h(p) = y*p - 2*p - 2*p. Let u(g) = -g. Let o(k) = -4*h(k) + 14*u(k). Determine o(-2).
-4
Let c be (9 - 1) + -1 + 2. Let h = c - 4. Let y(f) = -4*f**3 - 2*f + 6*f + 1 + 4*f**2 + 3*f**3. Determine y(h).
-4
Suppose -2*l - 3*l = 0. Let j(f) = f**2. Let o(s) = s**3 - 7*s**2 + s - 2. Let c(n) = -6*j(n) - o(n). Determine c(l).
2
Let s = 4 - 2. Let y = s - 0. Let k(g) = g**3 - 3*g**2 + 1. Give k(y).
-3
Let i(h) = -h**3 + 6*h**2 - h + 2. Suppose 5*d - 16 = 14. Let j be i(d). Let t(n) = -n**2 - 2*n. Calculate t(j).
-8
Let l(c) = c**3 - 6*c**2 + 6*c - 7. Let w = 34 + -21. Let a = 19 - w. Let r be (10/6)/(a/18). What is l(r)?
-2
Suppose 2*o = -2*o - 24. Let d(b) = 2*b + 6. Let l be d(o). Let z(q) = q**2 + 4*q - 8. What is z(l)?
4
Let a(h) = -h**2 - h. Suppose -4*b - 19 = 5*l, -b = -0*l + 4*l + 13. Give a(b).
0
Suppose 3*d + 3 = 6*d. Let s(y) be the second derivative of -1/6*y**3 - 3*y - 7/20*y**5 + 0 + 1/2*y**2 + 0*y**4. Give s(d).
-7
Suppose -h + 3*z + z = -12, 0 = 4*z + 8. Suppose r = h*r. Let p(c) = -5 - c + 0*c + 1 + 0. Determine p(r).
-4
Suppose -4*c = -0*c - 20. Let o(f) = f**2 - 8*f - 3. Let x(i) = -2*i**2 + 15*i + 5. Let u(z) = -5*o(z) - 3*x(z). Give u(c).
0
Let c = 10 + -1. Suppose -3*b + c = 5*p - 5, -4*b + 7 = -5*p. Let u(a) = 7*a**3 + a**2 - 1. Calculate u(p).
7
Let h(c) = -c**2 + 8*c + 2. Let v be h(8). Let f(b) = -2*b**v - b + 0*b**3 + 5 + b**3 - 6*b. Suppose -n - 5 - 7 = -4*j, 4*j + 5*n - 36 = 0. What is f(j)?
9
Let n(t) = 2*t**3 + t**2. Let q(x) = -x**3 - 4*x**2 + 4*x. Let p be q(-5). Suppose -3*d = -w - 5, p*d = 3*d - w. Calculate n(d).
3
Let y(o) = o**2 - 5*o + 6. Suppose -16 = 2*m - 26. What is y(m)?
6
Suppose 0*x - 2*x - 2*w = 2, -2*x = w - 3. Let o be (0 + -14)*(-1)/(-2). Let m = o + x. Let q(f) = f**3 + 2*f**2 - 2*f + 3. Give q(m).
0
Let p be 1 - (0 - (-22)/2). Let n = p + 14. Let u(d) = d**3 - 5*d**2 + 3*d + 5. Determine u(n).
1
Let l(u) = -u**2 - 3*u**3 - 8 + 8 + 4*u**3 - u. Give l(0).
0
Let p(f) = -f + 2. Let k be p(-4). Let i(m) = -k*m + 4*m + 1 + 5*m. Calculate i(-1).
-2
Let g(o) = -3 - 3*o - 4 - 2. Calculate g(-6).
9
Let m(n) = -n**2 + 4. Let x(f) = 2*f + 4. Let u be x(-7). Let i = 7 + u. Calculate m(i).
-5
Let x = 6 + -3. Let t(o) be the first derivative of o**6/120 - o**5/15 + o**4/24 - o**3/6 - o**2/2 + 1. Let l(a) be the second derivative of t(a). Give l(x).
-7
Suppose -b = -2*b - 2. Let f be (18/12)/((-3)/b). Let p be -1*f*(3 - 1). Let v(z) = -3*z - 2. Determine v(p).
4
Let f = 4 - 1. Let t(a) be the first derivative of a**3/3 + a**2/2 - 4*a - 5. What is t(f)?
8
Let b be 1/(-4) + (-15)/(-12). Let l be 6/(-4)*(-12)/9. Let z(a) = -a - 3*a + 1 - l*a - 2. Give z(b).
-7
Suppose -8 = -3*c + 7. Let k = 17 - 10. Let h(a) = -a**2 + 0*a**2 + 6*a - k + 0*a**2. Determine h(c).
-2
Let j(a) = -a**2 + 8*a + 10. Let l be 1/(-2)*(1 + -1). Suppose l = -3*w + 2*y + 17, 5*w = y + 2*y + 30. Determine j(w).
1
Suppose 0*q - 5*q = 3*i + 47, 0 = 4*q - i + 41. Let d = 14 + q. Let g = d + -1. Let s(h) = h**3 - 3*h**2 + h + 3. What is s(g)?
6
Let k(q) = -3*q**2 + 1. Let c be ((-11)/22)/((-1)/(-2)*1). What is k(c)?
-2
Let t(k) = -k - 1. Let a be 8/20*(-5)/(-2). Let x(g) = -g**2 + 9*g + 6. Let n(r) = a*x(r) + 5*t(r). Let i(h) be the first derivative of n(h). Give i(4).
-4
Let k(n) = -3*n**3 - n**2 - 2*n - 1. Let v be k(-1). Let a(y) be the third derivative of y**6/120 - y**5/30 - y**4/24 + 2*y**3/3 - 36*y**2. Give a(v).
10
Suppose -2*m + 30 = -0*m - 5*g, 5*m + 2*g - 17 = 0. Let k(a) = 5*a**2 - 25*a + 9. Let t(y) = -y**2 + 5*y - 2. Let o(n) = -2*k(n) - 11*t(n). Give o(m).
4
Suppose -1 = d + r, -5*r - 2 = -5*d + 3. Let a(n) = -3*n**2 - 10 - 3 + 2*n**2 + n**3 + d*n**2. Determine a(0).
-13
Let b(s) be the second derivative of s**5/5 + s**4/12 - s**2/2 + s. Calculate b(1).
4
Let w(j) = -9*j**2 + 21*j - 11. Let a(v) = 5*v**2 - 11*v + 5. Suppose 0*b - 25 = 3*g - b, 3*g + 2*b + 13 = 0. Let c(p) = g*a(p) - 4*w(p). Give c(6).
3
Let y(u) = -12*u**2 + u - 1. Suppose k = 5*x - 0*x - 8, 7 = 4*x - k. Determine y(x).
-12
Let t(n) = -n**2 + 2*n - 3. Let r be (-11)/(-6) + (-7)/(-42). Calculate t(r).
-3
Let v(b) = -3*b. Let o(d) = 3*d. Let g(q) = 4*o(q) + 3*v(q). Let y be 4 + (3 - -1)/(-2). What is g(y)?
6
Let r(o) = 3 + 1 + o + 0 - 3. Suppose -2 + 102 = 4*t. Suppose -3*j - 3*x + 15 = -0*j, -5*x + t = j. Give r(j).
1
Let n(t) = -6*t - 40. Let q(f) = f + 8. Let y(x) = 2*n(x) + 11*q(x). Determine y(6).
2
Let q(n) be the second derivative of -n**6/360 + n**5/40 + n**4/24 + 3*n**3/2 - 3*n. Let r(c) be the second derivative of q(c). Give r(5).
-9
Let u(s) = -s + 2. Let y(d) = d**3 + 4*d**2 + 3. Let z be y(-4). Suppose 0 = -z*q - 3*g - 0*g - 6, -4*q + 6 = -3*g. Suppose 0*t + 4*t - 24 = q. Calculate u(t).
-4
Suppose 8 = h + 2*p, h - 3*h + 16 = -3*p. Let u(k) = k**2 - 9*k + 9. Let t be u(h). Let d(a) = -t + 1 - a. Give d(0).
0
Let m(n) = -n**3 + 6*n**2 - 4*n - 1. Suppose -3*s - 6 = -21. Calculate m(s).
4
Let l(f) = -f**2 - 6*f - 1. Let d(k) = -k**2 + 8*k + 2. Let g be d(9). Determine l(g).
-8
Let x(t) = t + 2. Let v(o) = -o**2 - 1. Let c(s) = -2*v(s) - 3*x(s). What is c(3)?
5
Let v(u) be the first derivative of -5*u**2/2 - 5*u + 20. Determine v(-4).
15
Let b = 14 - 14. Let a(o) = -o**2. Give a(b).
0
Let i(u) = -4*u + 4*u + 2 + 2*u - 3*u. Give i(5).
-3
Let r(v) = -v**3 + 3*v**2 + 6*v - 3. Let q = -1 - -18. Let t = -13 + q. Give r(t).
5
Let b(p) = -p**2 - 6*p - 2. Let j = 33 + -37. Calculate b(j).
6
Let p(m) be the first derivative of 3 - 3/2*m**2 - 5*m. Let g(w) = -w**2 - 4*w - 4. Let j be g(-4). Determine p(j).
7
Let c be (24/(-30))/(2/5). Let p(q) = q**3 + q**2 - 1. Determine p(c).
-5
Let z = 65 - 65. Let o(t) = -4*t - 15. Let i(r) = 3*r + 14. Let x(b) = -5*i(b) - 4*o(b). Calculate x(z).
-10
Let y(p) = p**3 - 4*p**2 - 4*p + 1. Suppose 3*r + 22 = -23. Let x be (r/9)/(2/(-6)). Determine y(x).
6
Let k(s) = -4*s**2 + 5*s - 6. Let i(o) be the second derivative of o**4/12 + o**3/6 - 3*o. Let l(m) = -3*i(m) - k(m). Give l(7).
-1
Let c(r) = r**3 - r + 1. Let v(y) = -6*y**3 + 8*y - 7. Let z(k) = -5*c(k) - v(k). Suppose 0 = -6*n - 18 + 30. What is z(n)?
4
Let o(c) = 0 + 5 + c - 5 - 7. Let r be 94/18 + 4/(-18). Let x be r/10*(1 - 1). What is o(x)?
-7
Let c(l) be the second derivative of -l**6/720 + l**5/40 - 11*l**4/12 - l. Let r(u) be the third derivative of c(u). Calculate r(5).
-2
Suppose 0 = -2*p + m - 0*m + 10, 6 = 3*p + 3*m. Let n(b) = -b**2 + 2*b + 1. What is n(p)?
-7
Let r(i) = i**3 + 3*i**2 - 3*i - 1. Let o be 2/(2/(-3)) - 1. Let n be r(o). Let s(x) = -x**3 - 4*x**2 + 5*x + 6. Determine s(n).
6
Let c(h) = -2*h**2 - 1. Suppose -3*o + q = 2*q - 16, 4*o - 19 = q. Let y = -6 + o. Determine c(y).
-3
Let u be 6/2 + (-1 - 0). Let w(y) = -1 - y**3 + 3*y**u + 0*y**2 + 0. Let m = 4 + -1. Give w(m).
-1
Let x(h) = -h**2 - 6. Let n(y) = -y**2 - 5. Suppose 0 = -g - 5 + 2. Let w(i) = g*n(i) + 2*x(i). Determine w(3).
12
Let k be ((-24)/(-10))/(18/60). Let o(g) = -g + 9. What is o(k)?
1
Let j(a) = -7*a**2 + 2*a - 12. Let w(q) = 6*q**2 - 3*q + 11. Let h(k) = -5*j(k) - 6*w(k). What is h(7)?
1
Let c(m) = m**2 + m. Let j(l) = 7*l**2 - 2*l + 6. Let y(t) = -6*c(t) + j(t). Calculate y(5).
-9
Let m(k) = k - 1. Let t = -2 - -3. Let q(z) = -z + 3. Let f(a) = t*m(a) - q(a). Suppose 6*n + 2*w - 15 = n, 2*n - 30 = 4*w. What is f(n)?
6
Let d(z) be the third derivative of z**5/60 - 5*z**4/24 + z**3 - 2*z**2 + 31*z. Calculate d(5).
6
Let b(j) = -2*j - 3. Let y(u) = 2*u + 3. Let z(r) = -5*b(r) - 6*y(r). Let g = 6 - 3. Let d = -2 - 